+ 3687. Is h prime?
False
Suppose -4*s = -2*s - 8. Suppose 4475 = s*d + 3*m, 3*d - 3*m = 5*d - 2233. Is d a prime number?
False
Is (-18)/39 + 10448527/559 a composite number?
False
Let q be ((-23804)/(-99))/((-12)/(-54)). Let b = q + 429. Is b composite?
False
Let a(v) = -2*v + 4. Let f(t) = t - 2. Let u(q) = 3*a(q) + 5*f(q). Let x be u(6). Is ((-45)/18)/((x/(-2))/(-668)) a prime number?
False
Suppose -21*s - 16 = -23*s. Is ((-9564)/18)/(s/(-12)) a prime number?
True
Let j(g) = -g**2 - 15*g - 57. Let k be j(-5). Is (-6035)/k + (-9)/(66 + -3) composite?
True
Suppose -10*c + 21*c = -9*c. Suppose c = -3*b - 18*b + 219933. Is b a composite number?
True
Suppose 0 = -2*b + m - 2*m - 10, 0 = 3*b + 4*m + 5. Let h(r) = -r**3 - 7*r**2 + 3*r - 15. Let o be h(b). Is 4/18 + 2/o*-8870 prime?
False
Suppose 2*d - 811261 = -41*b + 36*b, -5*d = -15. Is b composite?
False
Suppose 691629 = 3*x + 11*k, 0 = -5*x + 2*k + 1266699 - 113984. Is x prime?
False
Let w(n) = 4*n - 14. Let v(x) = -x - 1. Let m(s) = -5*v(s) - w(s). Let g be m(-11). Let j = 15 + g. Is j a prime number?
True
Suppose 4*v = t + 72203, v + 6*t - 3*t = 18054. Let s = v - 6254. Is s prime?
False
Let j be 5 + ((-162)/297 - 418474/(-22)). Let n = j + -4525. Is n a prime number?
False
Let h = -26803 - -145632. Is h prime?
False
Suppose 7*l = 31*l - 889248. Suppose -2*a = 3*d - 14819, l = a + 4*a + 3*d. Is a a composite number?
False
Suppose 22*v = 125030 + 388604. Is v prime?
False
Suppose 0 = 3*h - 15, 43*h = 5*l + 47*h - 86455. Is l composite?
True
Let k be 363/((-184)/660 - (-1)/3). Let m = 12446 - k. Is m a prime number?
True
Let z be 6 - -1 - 23 - (1 - 4). Let x(v) = -v**2 - 16*v - 24. Let l be x(z). Is ((-13715)/l)/((-2)/6) composite?
True
Let j(k) = 2*k**3 - 3*k**2 + 3*k + 1. Let w be j(2). Suppose -4*x + 2*x = -2136. Suppose -15*n = -w*n - x. Is n prime?
False
Suppose -33*a + 10809577 + 8389824 = -14663186. Is a a composite number?
False
Let d be ((-9)/(-36))/(2/(-40)) + (-1 - -1307). Suppose m + 2*m + 1566 = 0. Let h = d - m. Is h a prime number?
True
Let h(w) = 30*w**3 + 5*w**2 - 35*w + 21. Let o = -581 + 589. Is h(o) a composite number?
True
Let g = 855 - 542. Let c(o) = -o**3 + 54*o**2 - 61*o + 224. Let l be c(53). Let z = l + g. Is z composite?
False
Let r be (25289 - 1) + 1 + -8. Suppose -4*n - r = -p, -n + 18144 = p - 7162. Is p composite?
False
Let r be (-1)/((-11992)/(-11996) - 1). Let i = 5182 - r. Is i prime?
False
Let t = -696 + 687. Is 6999/t*(-10 + 7) prime?
True
Let h(y) = y**2 + 8*y + 18. Let n be h(-5). Suppose 13*u - 48 = -n*u. Suppose 5*i = u*l - 0*l + 3101, 2485 = 4*i - l. Is i a composite number?
True
Let y(f) = -11*f**3 + 13*f**2 + 4*f + 2. Let b be y(-5). Suppose 1033 = -2*s - 389. Let p = b + s. Is p composite?
False
Let c(s) = -5110*s + 4. Let q be c(1). Let m = -257 - q. Is m a composite number?
True
Let n be 107/7 - (-7)/((-392)/16). Suppose 0 = -13*z + n*z - 16806. Is z composite?
True
Suppose 0 = -14*i + 35*i - 2940. Suppose 1587 = i*d - 137*d. Is d composite?
True
Suppose -3*a + c = 5*c - 2421, -9 = -3*c. Let j = a - -252. Is j composite?
True
Let r = 1789 - 1694. Let j be 1*-1 + 3 + 31. Let q = r - j. Is q a prime number?
False
Let l be 12/(-24) + (-6486)/4. Let c = l - -1105. Is (c/22)/((-1)/34) composite?
True
Let k be 0/((-7 - -1) + 7). Suppose -2*n + 11*c - 15*c + 6010 = k, -n + 3008 = 3*c. Is n prime?
True
Let p be 1 - 3*(-1)/3. Suppose -5*d - p*d + 29372 = 0. Is (1*-1)/((-4)/d) prime?
True
Suppose 4*i + 4 = 0, 0 = -3*a - 3*i + 4 - 10. Is (-683 + -8 - -2)*a prime?
False
Suppose 2*s = 4*s + 5*v + 1033, -5*s = -4*v + 2566. Let k = s + 222. Let n = k - -503. Is n a composite number?
False
Suppose 0 = -12*p + 2138763 + 841041. Is p prime?
True
Suppose f - 14 = -4*y - f, 5*y + 4*f = 22. Suppose 4*p + 309 = 3*z, -4*p + 3*p + 206 = y*z. Is z a composite number?
False
Let m(z) = -z**2 + 12*z + 116. Let g be m(14). Suppose -g*a + 93*a - 5215 = 0. Is a a composite number?
True
Let s be ((-22320)/25 - -4)/(2/(-15)). Let a = s - 859. Is a prime?
True
Let l = 2 + -3. Let o(q) be the second derivative of -56*q**5/5 + q**3/6 + 3203*q. Is o(l) a prime number?
True
Let n = -3 + 7. Suppose 481*l + 1 = 477*l - 3*b, -2*l + b + 7 = 0. Suppose -1467 - 1343 = -n*y + l*x, -2*x = 4*y - 2798. Is y prime?
True
Let l = 975193 - 510270. Is l prime?
True
Suppose -5*h - 6946872 = -5*h - 24*h. Is h a prime number?
True
Suppose i - 1343 - 36 = 0. Let p = i - -2502. Is p a composite number?
False
Let h = -896632 - -1294431. Is h a prime number?
True
Let r(z) = -z**2 - 34*z - 139. Let y be r(-29). Suppose 5*f = 5*h - 70560, -y*h = -2*h - f - 56433. Is h a prime number?
True
Let m(d) = 3235*d - 5869. Is m(78) prime?
False
Let l(i) = i**2 + 9*i - 10. Let k be l(1). Suppose -5*j + b + 16765 = k, -3*b + 3353 = j - 2*b. Is j prime?
False
Suppose 4*k + 5*m + 1 - 21 = 0, 5*k + m - 4 = 0. Suppose 4*z + 31380 - 4413 = 3*q, k = -2*z. Is q composite?
True
Let w be (-12)/30 + 414/(-15). Let g = -45 - w. Is (-25107)/g + 34/289 composite?
True
Let u = 141239 + -97692. Is u prime?
False
Suppose 5*c + 11238 = -4*p, -10*c - 5618 = 2*p - 8*c. Let x = p + 6378. Is x a composite number?
False
Let i(a) = 104*a + 8. Let j(o) = -14*o + 3. Let u be j(1). Let x be i(u). Let k = 3767 + x. Is k composite?
True
Suppose 2*l - 5*l + 5045 = c, 2*l - 5*c - 3352 = 0. Suppose -4*z = -5*v + 2183, -4*z - 5*v - l = -z. Is 3/(1 + 0) + z/(-3) prime?
False
Let t(i) = -i - 4. Let x be t(-7). Let u be (-20)/(x + (-85)/25). Suppose 0 = -2*k - u + 1968. Is k a prime number?
False
Let k(f) = -3*f**3 + f + 2*f**3 + 2*f**3 - 2*f**2 + f. Let y be k(2). Suppose -3*p = -7*u + y*u - 2298, p = -5*u + 748. Is p a prime number?
False
Is (-702220)/(-22) - -8*(-25)/2200 composite?
True
Let s = 92408 - 46671. Is s a composite number?
False
Let b = -231070 + 872751. Is b prime?
True
Let m = 847 - 847. Is ((m - -8)/2 - -5934) + 3 a prime number?
False
Let b(c) = -54*c + 793. Is b(-6) a composite number?
False
Let i(a) = -391*a - 108. Let v(w) = -2*w**3 + 3*w**2 - 4*w + 7. Let t be v(2). Is i(t) a composite number?
False
Suppose -5*j = 3*u - u - 58, 2*j = 5*u + 29. Suppose f + j = 4*f. Is (-4491)/(-63) - f/14 composite?
False
Let x be 186/(-124) + (-3898)/4. Let k = x + 10269. Is k prime?
True
Let z be 82989/(-15) + 6/(-15). Let b = z + 12976. Suppose 3*f - v = 5564 + 1871, -3*f = -3*v - b. Is f prime?
True
Let s(a) = -245*a + 10. Let r be s(4). Let w be r/(-3)*(64/20 - 2). Let m = 559 + w. Is m composite?
False
Let b be -1 - -5 - (6 - 6 - 37493). Let m = 55978 - b. Is m a prime number?
True
Suppose 0 = 7*l - 6*l - 10. Suppose -2*b + l*k = 13*k - 2807, 1384 = b - 5*k. Is b a composite number?
False
Let y = -58383 + 136262. Is y prime?
False
Suppose 5*u + 5*z = 155105, -5*u - 3*z = 61726 - 216815. Is u prime?
True
Let x = -173 - -183. Suppose 6*t - 54896 = -x*t. Is t a prime number?
False
Let m be (-14)/6 + 57/9. Let i(u) = 186*u**3 + 4*u**2 - 1. Is i(m) a prime number?
False
Suppose 7*f - 3*f = 4*v, 4*f + v = 0. Suppose 4*t + j - 4*j - 13324 = 0, -j = f. Suppose -7*d = 958 - t. Is d a composite number?
True
Let d(p) = 5431*p + 3827. Is d(56) composite?
True
Is 77260/20 + (0 - 4) a composite number?
True
Let t(w) = -16 - 7*w**2 + 5*w**3 + 2*w - 26*w**2 + 25*w**2. Is t(9) composite?
False
Let o = -472 - -946. Suppose 3*q - o = -0*q + 5*k, 640 = 4*q - 4*k. Is q composite?
False
Let y = 1648217 - -444074. Is y a prime number?
True
Let q = -131 + 84652. Is q composite?
False
Suppose n - 10 = 4*t, -5*n + 69 - 19 = -4*t. Suppose 4*o = n*o - 1068. Is o composite?
True
Suppose s - 11*s = -0*s. Suppose -4*o - 4*y + 11720 = s, 0 = -3*o - 3*y + y + 8789. Is o composite?
True
Suppose -14950 = 3*k - 4*i, 0 = -2*i - 4. Let l = k + 7421. Is l composite?
True
Suppose -3*n = h - 48037, -5*n + 19*h = 23*h - 80057. Is n prime?
False
Let z = -334 - -333. Let o(j) = -798*j**3 + 6*j**2 + 6*j + 1. Is o(z) prime?
False
Let c(h) be the third derivative of -h**6/15 - 13*h**5/120 - 13*h**4/12 - 18*h**2. Let i(z) be the second derivative of c(z). Is i(-18) prime?
False
Suppose 6*h - 16335 = h. Suppose -2*i + 4*d - 7*d + 10333 = 0, 0 = 2*i + 2*d - 10334. Let n = i - h. Is n a prime number?
True
Suppose 10*p = -2*v + 5*p + 693559, 5*v - 1733810 = 5*p. Is v a composite number?
T